actor of 17968 and 151708316?
4492
Calculate the greatest common divisor of 7096140 and 972.
108
Calculate the greatest common factor of 709062486 and 22131.
7377
Calculate the highest common divisor of 12832407 and 17023.
587
Calculate the highest common divisor of 66384 and 734834.
922
Calculate the highest common divisor of 19596 and 1113292.
92
What is the highest common factor of 252404 and 86864?
356
Calculate the greatest common factor of 72 and 2095848.
72
Calculate the greatest common divisor of 72 and 660352302.
18
Calculate the highest common divisor of 3291069 and 1336.
167
What is the highest common divisor of 26137 and 3717?
59
What is the highest common divisor of 2868 and 473695371?
717
What is the greatest common factor of 162765547 and 7?
7
What is the highest common factor of 29295 and 848610?
945
Calculate the greatest common divisor of 1872341 and 23004.
71
What is the greatest common divisor of 16254 and 10811619?
2709
Calculate the greatest common factor of 2896803 and 262197.
3159
What is the greatest common factor of 10318320 and 288?
144
What is the greatest common divisor of 53578 and 1512224?
602
What is the highest common factor of 1044 and 54044748?
1044
Calculate the highest common divisor of 28805448 and 496.
248
Calculate the highest common factor of 270569 and 19916.
13
What is the highest common factor of 944 and 47701382?
118
Calculate the highest common factor of 407 and 1205479.
11
Calculate the highest common divisor of 598 and 7459582.
26
Calculate the highest common divisor of 257 and 769877681.
257
What is the highest common factor of 10354368 and 5691?
813
Calculate the highest common divisor of 3760 and 32408.
8
Calculate the greatest common factor of 11684 and 59452.
4
What is the highest common factor of 17797 and 55315?
481
Calculate the highest common divisor of 2718284 and 58936.
556
What is the highest common divisor of 226114 and 10654?
14
Calculate the highest common factor of 91546 and 98.
14
What is the greatest common divisor of 10181484 and 432?
108
What is the greatest common factor of 23888073 and 57?
57
What is the highest common divisor of 397273 and 629?
17
What is the greatest common divisor of 1404573 and 18?
3
What is the highest common divisor of 167568 and 10992?
48
Calculate the highest common factor of 18578112 and 56.
56
Calculate the greatest common divisor of 1551 and 9714900.
141
What is the highest common factor of 9938096 and 14?
14
What is the greatest common factor of 3808 and 14583996?
28
Calculate the highest common factor of 42 and 6524462.
14
Calculate the greatest common divisor of 576 and 262710.
18
Calculate the highest common divisor of 9970110 and 173430.
4230
What is the greatest common divisor of 1561 and 74343740?
223
What is the greatest common divisor of 270 and 250678?
2
Calculate the greatest common divisor of 61184 and 1189264.
3824
What is the highest common factor of 3780137 and 901?
17
What is the greatest common divisor of 293942 and 60698?
682
Calculate the greatest common factor of 6 and 17889075.
3
What is the highest common factor of 22700 and 17314652?
908
Calculate the highest common divisor of 471798 and 42.
6
What is the highest common divisor of 33 and 476159640?
33
What is the highest common divisor of 18049942 and 452?
226
Calculate the greatest common divisor of 253666 and 12460.
14
Calculate the greatest common factor of 797520 and 1536.
48
What is the highest common factor of 18834 and 1995888?
258
What is the greatest common factor of 168714 and 17424?
18
Calculate the greatest common factor of 1312 and 22496864.
1312
Calculate the highest common divisor of 23 and 2651543339.
23
What is the greatest common divisor of 58628987 and 1371?
457
What is the greatest common divisor of 2044021 and 8239?
749
What is the highest common divisor of 6332036 and 1072?
268
Calculate the highest common divisor of 32204 and 477689983.
8051
What is the highest common divisor of 90 and 133411815?
45
What is the greatest common factor of 482830 and 115?
5
What is the highest common factor of 162 and 1186041204?
162
What is the greatest common divisor of 22 and 17014723?
11
What is the greatest common factor of 145780 and 39096620?
3940
What is the highest common divisor of 1257 and 248666863?
419
Calculate the greatest common divisor of 886 and 1226871223.
443
Calculate the greatest common divisor of 54 and 141046272.
54
What is the highest common factor of 1232 and 4567794?
154
Calculate the greatest common factor of 2740 and 3484732.
548
Calculate the highest common divisor of 55158 and 10120542.
1902
Calculate the greatest common factor of 1048 and 45182948.
524
What is the highest common divisor of 88 and 1166552?
8
What is the highest common factor of 252 and 384595722?
126
Calculate the highest common factor of 225579933 and 18.
9
Calculate the highest common divisor of 671676 and 195348.
2676
What is the highest common factor of 1786318688 and 4928?
2464
What is the greatest common divisor of 621229 and 3353?
7
What is the highest common divisor of 56762 and 86?
2
Calculate the highest common divisor of 28773 and 1229594.
139
What is the highest common factor of 25453736 and 264?
88
Calculate the highest common divisor of 40600 and 370040.
1160
What is the highest common factor of 511840203 and 6771?
6771
What is the greatest common factor of 51488999 and 1468?
367
What is the greatest common factor of 608862 and 11304?
6
Calculate the highest common factor of 544 and 8857.
17
What is the greatest common factor of 3731599467 and 153?
153
Calculate the greatest common divisor of 1090393 and 176881.
2239
What is the greatest common divisor of 24 and 541802640?
24
What is the greatest common divisor of 3795340 and 30?
10
What is the greatest common divisor of 227376 and 31662?
18
What is the highest common factor of 26590 and 1410?
10
Calculate the highest common factor of 3940 and 65929990.
1970
What is the highest common factor of 46900 and 352772?
28
What is the greatest common factor of 510 and 564073260?
510
Calculate the greatest common factor of 1056 and 543648.
96
Calculate the greatest common factor of 65772129 and 5358.
2679
Calculate the highest common divisor of 400 and 909350.
50
What is the highest common divisor of 4930 and 134734?
58
What is the highest common factor of 48 and 2234103?
3
Calculate the greatest common factor of 7899840 and 2790.
90
Calculate the highest common factor of 327692 and 192821.
61
Calculate the highest common divisor of 35 and 115382645.
35
Calculate the highest common factor of 34906 and 3730438.
1126
Calculate the greatest common factor of 1624 and 1696007.
29
What is the highest common factor of 338 and 52542269?
169
Calculate the greatest common factor of 99 and 667579.
11
What is the highest common factor of 7361380 and 234?
26
Calculate the greatest common divisor of 506 and 1510778.
46
Calculate the greatest common factor of 29520 and 40278.
6
Calculate the greatest common divisor of 3692094 and 51.
51
What is the highest common divisor of 117 and 176190690?
39
Calculate the greatest common factor of 2900 and 786540175.
725
What is the highest common divisor of 6490400 and 3508720?
4880
What is the highest common divisor of 46810696 and 56?
8
What is the greatest common divisor of 1611 and 492787?
179
What is the greatest common divisor of 17332302 and 1248?
78
Calculate the greatest common divisor of 23051712 and 152.
152
What is the highest common divisor of 471664 and 2424468?
2876
Calculate the highest common divisor of 150033 and 2184.
39
Calculate the greatest common divisor of 44274 and 24603156.
942
What is the highest common divisor of 1524050 and 899096?
374
What is the greatest common factor of 188413680 and 720?
240
Calculate the greatest common factor of 242 and 10870.
2
Calculate the greatest common factor of 3044 and 57446368.
3044
Calculate the greatest common factor of 13396 and 21148.
68
What is the highest common factor of 3379 and 77709697?
109
Calculate the greatest common divisor of 50959095 and 660.
165
Calculate the greatest common divisor of 203803 and 8027.
23
Calculate the highest common factor of 27945453 and 43469.
2557
Calculate the greatest common factor of 1421522